{"id":1096,"date":"2021-02-03T16:58:59","date_gmt":"2021-02-03T15:58:59","guid":{"rendered":"http:\/\/cie-vaporium.com\/?page_id=1096"},"modified":"2025-08-12T09:56:17","modified_gmt":"2025-08-12T08:56:17","slug":"dahutanes","status":"publish","type":"page","link":"https:\/\/test.cie-vaporium.com\/?page_id=1096","title":{"rendered":"Dahutanes"},"content":{"rendered":"<p>[vc_row][vc_column][vc_single_image image=&#8221;2399&#8243; img_size=&#8221;full&#8221; alignment=&#8221;center&#8221; style=&#8221;vc_box_border&#8221; border_color=&#8221;white&#8221;][\/vc_column][\/vc_row][vc_row][vc_column css=&#8221;.vc_custom_1754929492801{background-color: rgba(255,255,255,0.74) !important;*background-color: rgb(255,255,255) !important;border-radius: 35px !important;}&#8221;][vc_column_text]<\/p>\n<p style=\"text-align: center; font-size: 20px;\"><span style=\"color: #000000;\"><strong>Tout juste descendus de leurs montagnes, d\u00e9couvrez les DAHUTANES.<\/strong><\/span><\/p>\n<p style=\"text-align: center;\"><span style=\"color: #000000;\">Ces mystiques dresseurs de dahus descendent une fois par an, lors du solstice pour apporter leur b\u00e9n\u00e9diction aux villageois.<\/span><br \/>\n<span style=\"color: #000000;\">Chassant les mauvais esprits, ils assurent \u00e0 la population une ann\u00e9e sereine et leurs offrandes sont gage de bonne r\u00e9colte.<\/span><br \/>\n<span style=\"color: #000000;\">Leurs venues fait partie du folklore traditionnel des f\u00eates de fin d\u2019ann\u00e9e <a style=\"color: #000000;\" href=\"https:\/\/cie-vaporium.com\/titelune\/\" target=\"_blank\" rel=\"noopener\"><u>du royaume de Lockhold.<\/u><\/a><\/span><\/p>\n<p style=\"text-align: center;\"><span style=\"color: #000000;\">Une d\u00e9ambulation \u00e0 trois \u00e9chassiers inspir\u00e9e des folklores traditionnels des montagnes, allant des Pyr\u00e9n\u00e9es aux lointains plateaux de l\u2019Alta\u00ef, qui vous entraine dans les f\u00eates pa\u00efennes de jadis et leurs \u00e9tranges cr\u00e9atures, sources de nombreuses l\u00e9gendes. Entre tradition et originalit\u00e9, apportez une touche mystique et fantastique \u00e0 votre \u00e9v\u00e9nement avec ces \u00e9tranges cornus.<\/span><\/p>\n<p>[\/vc_column_text][\/vc_column][\/vc_row][vc_row][vc_column][vc_empty_space][\/vc_column][\/vc_row][vc_row css=&#8221;.vc_custom_1754489941278{background-color: rgba(255,255,255,0.5) !important;*background-color: rgb(255,255,255) !important;border-radius: 35px !important;}&#8221;][vc_column][\/vc_column][vc_column width=&#8221;2\/3&#8243;][vc_empty_space][vc_video link=&#8221;https:\/\/www.youtube.com\/watch?v=g7JJiquFD5I&#8221;][\/vc_column][vc_column width=&#8221;1\/3&#8243;][vc_empty_space][vc_single_image image=&#8221;3297&#8243; img_size=&#8221;large&#8221; alignment=&#8221;center&#8221; style=&#8221;vc_box_outline_circle&#8221; border_color=&#8221;black&#8221;][\/vc_column][\/vc_row][vc_row][vc_column][vc_empty_space][\/vc_column][\/vc_row][vc_row css=&#8221;.vc_custom_1754490330887{background-color: rgba(255,255,255,0.49) !important;*background-color: rgb(255,255,255) !important;border-radius: 35px !important;}&#8221;][vc_column][vc_empty_space height=&#8221;12px&#8221;][vc_masonry_media_grid element_width=&#8221;3&#8243; gap=&#8221;3&#8243; item=&#8221;masonryMedia_BorderedScale&#8221; initial_loading_animation=&#8221;fadeIn&#8221; grid_id=&#8221;vc_gid:1754930199549-e3b540434ae867656b5468f2ab1984d9-7&#8243; include=&#8221;2606,2764,2772,2654&#8243;][vc_btn title=&#8221;voir plus d&#8217;images&#8221; style=&#8221;outline-custom&#8221; outline_custom_color=&#8221;#000000&#8243; outline_custom_hover_background=&#8221;rgba(221,25,0,0.75)&#8221; outline_custom_hover_text=&#8221;#000000&#8243; shape=&#8221;round&#8221; size=&#8221;lg&#8221; align=&#8221;center&#8221; css_animation=&#8221;bounceIn&#8221; link=&#8221;url:https%3A%2F%2Ftest.cie-vaporium.com%2F%3Fpage_id%3D2888|target:_blank&#8221;][\/vc_column][\/vc_row][vc_row][vc_column][vc_empty_space][\/vc_column][\/vc_row][vc_row][vc_column width=&#8221;1\/2&#8243;][vc_single_image image=&#8221;2065&#8243; img_size=&#8221;large&#8221; alignment=&#8221;center&#8221;][\/vc_column][vc_column width=&#8221;1\/2&#8243; css=&#8221;.vc_custom_1754929511600{background-color: rgba(255,255,255,0.73) !important;*background-color: rgb(255,255,255) !important;border-radius: 35px !important;}&#8221;][vc_text_separator title=&#8221;L&#8217;histoire&#8221; color=&#8221;black&#8221; style=&#8221;shadow&#8221; border_width=&#8221;5&#8243;][vc_column_text css=&#8221;.vc_custom_1754490104375{background-position: center !important;background-repeat: no-repeat !important;background-size: cover !important;}&#8221;]<\/p>\n<p style=\"text-align: center;\"><span style=\"color: #000000;\">Les voil\u00e0, ils sont de retour\u2026<\/span><\/p>\n<p style=\"text-align: center;\"><span style=\"color: #000000;\">Comme chaque ann\u00e9e lors du solstice, les Dahutanes descendent de leurs refuges d\u2019altitude.<\/span><\/p>\n<p style=\"text-align: center;\"><span style=\"color: #000000;\">Ces cr\u00e9atures mythiques, gardiens et \u00e9leveurs des troupeaux de dahus sont l\u00e0 pour apporter leurs b\u00e9n\u00e9dictions.<\/span><\/p>\n<p style=\"text-align: center;\"><span style=\"color: #000000;\">Car tout le monde sait que c\u2019est en pr\u00e9levant la laine des dahus qu\u2019ils tirent la fibre dont se composent les l\u00e9gendes.<\/span><\/p>\n<p style=\"text-align: center;\"><span style=\"color: #000000;\">Les voil\u00e0 qui avancent parmi la foule de badauds. L\u2019un b\u00e9nit les nouveau-n\u00e9es et jeunes enfants avec l\u2019onguent de longue vie. L\u2019autre distribue des offrandes parfum\u00e9es qui assurent chaleur et douceur aux foyers pendant les rudes mois d\u2019hiver. Enfin, le dernier chasse les mauvais esprits et autres \u00e9gr\u00e9gores \u00e0 l\u2019aide de son bol chantant et de ses nombreuses clochettes.<\/span><\/p>\n<p style=\"text-align: center;\"><span style=\"color: #000000;\">Comme il est agr\u00e9able de les retrouver dans les rues du village, car si la pr\u00e9cieuse laine de dahu venait \u00e0 manquer et s\u2019il ne b\u00e9nissait pas les villageois, c\u2019est toute l\u2019ann\u00e9e \u00e0 venir qui serait plac\u00e9e sous une mauvaise augure, entre maladies, mauvaises r\u00e9coltes et nuits charg\u00e9es de cauchemars.<\/span><\/p>\n<p>[\/vc_column_text][vc_empty_space][\/vc_column][\/vc_row]<\/p>\n","protected":false},"excerpt":{"rendered":"<p>[vc_row][vc_column][vc_single_image image=&#8221;2399&#8243; img_size=&#8221;full&#8221; alignment=&#8221;center&#8221; style=&#8221;vc_box_border&#8221; border_color=&#8221;white&#8221;][\/vc_column][\/vc_row][vc_row][vc_column css=&#8221;.vc_custom_1754929492801{background-color: rgba(255,255,255,0.74) !important;*background-color: rgb(255,255,255) !important;border-radius: 35px !important;}&#8221;][vc_column_text] Tout juste descendus de leurs montagnes, d\u00e9couvrez les DAHUTANES. Ces mystiques dresseurs de dahus descendent une fois par an, lors du solstice pour apporter leur b\u00e9n\u00e9diction aux villageois. Chassant les mauvais esprits, ils assurent \u00e0 la population une ann\u00e9e sereine et leurs [&hellip;]<\/p>\n","protected":false},"author":3,"featured_media":1991,"parent":0,"menu_order":0,"comment_status":"closed","ping_status":"closed","template":"","meta":{"footnotes":""},"class_list":["post-1096","page","type-page","status-publish","has-post-thumbnail","hentry"],"yoast_head":"<!-- This site is optimized with the Yoast SEO plugin v16.0.2 - https:\/\/yoast.com\/wordpress\/plugins\/seo\/ -->\n<title>Dahutanes - Cie Vaporium<\/title>\n<meta name=\"description\" content=\"D\u00e9ambulation sur \u00e9chasses, d\u00e9couvrez les \u00e9tranges Dahutanes, ces cr\u00e9atures mystiques qui apportent leurs b\u00e9n\u00e9dictions au c\u0153ur de l&#039;hiver.\" \/>\n<link rel=\"canonical\" href=\"https:\/\/test.cie-vaporium.com\/?page_id=1096\" \/>\n<meta property=\"og:locale\" content=\"fr_FR\" \/>\n<meta property=\"og:type\" content=\"article\" \/>\n<meta property=\"og:title\" content=\"Dahutanes - Cie Vaporium\" \/>\n<meta property=\"og:description\" content=\"D\u00e9ambulation sur \u00e9chasses, d\u00e9couvrez les \u00e9tranges Dahutanes, ces cr\u00e9atures mystiques qui apportent leurs b\u00e9n\u00e9dictions au c\u0153ur de l&#039;hiver.\" \/>\n<meta property=\"og:url\" content=\"https:\/\/test.cie-vaporium.com\/?page_id=1096\" \/>\n<meta property=\"og:site_name\" content=\"Cie Vaporium\" \/>\n<meta property=\"article:modified_time\" content=\"2025-08-12T08:56:17+00:00\" \/>\n<meta property=\"og:image\" content=\"https:\/\/test.cie-vaporium.com\/wp-content\/uploads\/2021\/03\/dahutanes-deambulation-echasses-3.jpg\" \/>\n\t<meta property=\"og:image:width\" content=\"1355\" \/>\n\t<meta property=\"og:image:height\" content=\"903\" \/>\n<meta name=\"twitter:card\" content=\"summary\" \/>\n<meta name=\"twitter:label1\" content=\"Est. reading time\">\n\t<meta name=\"twitter:data1\" content=\"2 minutes\">\n<script type=\"application\/ld+json\" class=\"yoast-schema-graph\">{\"@context\":\"https:\/\/schema.org\",\"@graph\":[{\"@type\":\"WebSite\",\"@id\":\"https:\/\/test.cie-vaporium.com\/#website\",\"url\":\"https:\/\/test.cie-vaporium.com\/\",\"name\":\"Cie Vaporium\",\"description\":\"Votre passeport pour le fantastique\",\"potentialAction\":[{\"@type\":\"SearchAction\",\"target\":\"https:\/\/test.cie-vaporium.com\/?s={search_term_string}\",\"query-input\":\"required name=search_term_string\"}],\"inLanguage\":\"fr-FR\"},{\"@type\":\"ImageObject\",\"@id\":\"https:\/\/test.cie-vaporium.com\/?page_id=1096#primaryimage\",\"inLanguage\":\"fr-FR\",\"url\":\"https:\/\/test.cie-vaporium.com\/wp-content\/uploads\/2021\/03\/dahutanes-deambulation-echasses-3.jpg\",\"width\":1355,\"height\":903},{\"@type\":\"WebPage\",\"@id\":\"https:\/\/test.cie-vaporium.com\/?page_id=1096#webpage\",\"url\":\"https:\/\/test.cie-vaporium.com\/?page_id=1096\",\"name\":\"Dahutanes - Cie Vaporium\",\"isPartOf\":{\"@id\":\"https:\/\/test.cie-vaporium.com\/#website\"},\"primaryImageOfPage\":{\"@id\":\"https:\/\/test.cie-vaporium.com\/?page_id=1096#primaryimage\"},\"datePublished\":\"2021-02-03T15:58:59+00:00\",\"dateModified\":\"2025-08-12T08:56:17+00:00\",\"description\":\"D\\u00e9ambulation sur \\u00e9chasses, d\\u00e9couvrez les \\u00e9tranges Dahutanes, ces cr\\u00e9atures mystiques qui apportent leurs b\\u00e9n\\u00e9dictions au c\\u0153ur de l'hiver.\",\"breadcrumb\":{\"@id\":\"https:\/\/test.cie-vaporium.com\/?page_id=1096#breadcrumb\"},\"inLanguage\":\"fr-FR\",\"potentialAction\":[{\"@type\":\"ReadAction\",\"target\":[\"https:\/\/test.cie-vaporium.com\/?page_id=1096\"]}]},{\"@type\":\"BreadcrumbList\",\"@id\":\"https:\/\/test.cie-vaporium.com\/?page_id=1096#breadcrumb\",\"itemListElement\":[{\"@type\":\"ListItem\",\"position\":1,\"item\":{\"@type\":\"WebPage\",\"@id\":\"https:\/\/test.cie-vaporium.com\/\",\"url\":\"https:\/\/test.cie-vaporium.com\/\",\"name\":\"Accueil\"}},{\"@type\":\"ListItem\",\"position\":2,\"item\":{\"@type\":\"WebPage\",\"@id\":\"https:\/\/test.cie-vaporium.com\/?page_id=1096\",\"url\":\"https:\/\/test.cie-vaporium.com\/?page_id=1096\",\"name\":\"Dahutanes\"}}]}]}<\/script>\n<!-- \/ Yoast SEO plugin. -->","_links":{"self":[{"href":"https:\/\/test.cie-vaporium.com\/index.php?rest_route=\/wp\/v2\/pages\/1096","targetHints":{"allow":["GET"]}}],"collection":[{"href":"https:\/\/test.cie-vaporium.com\/index.php?rest_route=\/wp\/v2\/pages"}],"about":[{"href":"https:\/\/test.cie-vaporium.com\/index.php?rest_route=\/wp\/v2\/types\/page"}],"author":[{"embeddable":true,"href":"https:\/\/test.cie-vaporium.com\/index.php?rest_route=\/wp\/v2\/users\/3"}],"replies":[{"embeddable":true,"href":"https:\/\/test.cie-vaporium.com\/index.php?rest_route=%2Fwp%2Fv2%2Fcomments&post=1096"}],"version-history":[{"count":90,"href":"https:\/\/test.cie-vaporium.com\/index.php?rest_route=\/wp\/v2\/pages\/1096\/revisions"}],"predecessor-version":[{"id":3389,"href":"https:\/\/test.cie-vaporium.com\/index.php?rest_route=\/wp\/v2\/pages\/1096\/revisions\/3389"}],"wp:featuredmedia":[{"embeddable":true,"href":"https:\/\/test.cie-vaporium.com\/index.php?rest_route=\/wp\/v2\/media\/1991"}],"wp:attachment":[{"href":"https:\/\/test.cie-vaporium.com\/index.php?rest_route=%2Fwp%2Fv2%2Fmedia&parent=1096"}],"curies":[{"name":"wp","href":"https:\/\/api.w.org\/{rel}","templated":true}]}}