{"id":48,"date":"2015-12-17T16:57:51","date_gmt":"2015-12-17T15:57:51","guid":{"rendered":"http:\/\/cie-vaporium.com\/?page_id=48"},"modified":"2022-02-01T12:20:23","modified_gmt":"2022-02-01T11:20:23","slug":"le-secretariat","status":"publish","type":"page","link":"https:\/\/test.cie-vaporium.com\/?page_id=48","title":{"rendered":"Contact"},"content":{"rendered":"<p>[vc_row css=&#8221;.vc_custom_1643712118376{background-color: #4c4c4c !important;border-radius: 35px !important;}&#8221;][vc_column][vc_empty_space height=&#8221;30px&#8221;][vc_text_separator title=&#8221;Nous contacter&#8221; style=&#8221;shadow&#8221; border_width=&#8221;5&#8243;][vc_column_text css=&#8221;.vc_custom_1643714302759{padding-top: 20px !important;}&#8221;]<\/p>\n<p style=\"text-align: center; font-size: 25PX; color: black;\"><span style=\"color: #ffffff;\">06.51.41.69.21<\/span><\/p>\n<p>[\/vc_column_text][vc_column_text css=&#8221;.vc_custom_1643714315247{padding-top: 30px !important;}&#8221;]<\/p>\n<p style=\"text-align: center; font-size: 25PX;\"><span style=\"color: #ffffff;\"><a style=\"color: #ffffff;\" href=\"mailto:cie.vaporium@hotmail.com\">cie.vaporium@hotmail.com<\/a><\/span><\/p>\n<p>[\/vc_column_text][vc_column_text]<\/p>\n<p style=\"text-align: center; font-size: 20PX;\">Notre d\u00e9vou\u00e9e gnome secr\u00e9taire se fera un plaisir de r\u00e9pondre \u00e0 toutes vos questions et vous fournir tous les documents techniques et administratifs n\u00e9cessaires \u00e0 notre intervention.<\/p>\n<p style=\"text-align: center; font-size: 20PX;\">Sa tani\u00e8re est ouverte du lundi au vendredi, de 10h \u00e0 20h.<\/p>\n<p>[\/vc_column_text][\/vc_column][\/vc_row]<\/p>\n","protected":false},"excerpt":{"rendered":"<p>[vc_row css=&#8221;.vc_custom_1643712118376{background-color: #4c4c4c !important;border-radius: 35px !important;}&#8221;][vc_column][vc_empty_space height=&#8221;30px&#8221;][vc_text_separator title=&#8221;Nous contacter&#8221; style=&#8221;shadow&#8221; border_width=&#8221;5&#8243;][vc_column_text css=&#8221;.vc_custom_1643714302759{padding-top: 20px !important;}&#8221;] 06.51.41.69.21 [\/vc_column_text][vc_column_text css=&#8221;.vc_custom_1643714315247{padding-top: 30px !important;}&#8221;] cie.vaporium@hotmail.com [\/vc_column_text][vc_column_text] Notre d\u00e9vou\u00e9e gnome secr\u00e9taire se fera un plaisir de r\u00e9pondre \u00e0 toutes vos questions et vous fournir tous les documents techniques et administratifs n\u00e9cessaires \u00e0 notre intervention. Sa tani\u00e8re est ouverte du lundi au [&hellip;]<\/p>\n","protected":false},"author":2,"featured_media":1398,"parent":0,"menu_order":0,"comment_status":"closed","ping_status":"closed","template":"","meta":{"footnotes":""},"class_list":["post-48","page","type-page","status-publish","has-post-thumbnail","hentry"],"yoast_head":"<!-- This site is optimized with the Yoast SEO plugin v16.0.2 - https:\/\/yoast.com\/wordpress\/plugins\/seo\/ -->\n<title>Contact - Cie Vaporium<\/title>\n<meta name=\"description\" content=\"Toutes les infos pour contacter la Cie Vaporium, par t\u00e9l\u00e9phone ou par mail, nous vous r\u00e9pondons dans les plus brefs d\u00e9lais.\" \/>\n<link rel=\"canonical\" href=\"https:\/\/test.cie-vaporium.com\/?page_id=48\" \/>\n<meta property=\"og:locale\" content=\"fr_FR\" \/>\n<meta property=\"og:type\" content=\"article\" \/>\n<meta property=\"og:title\" content=\"Contact - Cie Vaporium\" \/>\n<meta property=\"og:description\" content=\"Toutes les infos pour contacter la Cie Vaporium, par t\u00e9l\u00e9phone ou par mail, nous vous r\u00e9pondons dans les plus brefs d\u00e9lais.\" \/>\n<meta property=\"og:url\" content=\"https:\/\/test.cie-vaporium.com\/?page_id=48\" \/>\n<meta property=\"og:site_name\" content=\"Cie Vaporium\" \/>\n<meta property=\"article:modified_time\" content=\"2022-02-01T11:20:23+00:00\" \/>\n<meta property=\"og:image\" content=\"https:\/\/test.cie-vaporium.com\/wp-content\/uploads\/2021\/02\/logo-vierge-ti-ti-petit.png\" \/>\n\t<meta property=\"og:image:width\" content=\"150\" \/>\n\t<meta property=\"og:image:height\" content=\"150\" \/>\n<meta name=\"twitter:card\" content=\"summary\" \/>\n<meta name=\"twitter:label1\" content=\"Est. reading time\">\n\t<meta name=\"twitter:data1\" content=\"1 minute\">\n<script type=\"application\/ld+json\" class=\"yoast-schema-graph\">{\"@context\":\"https:\/\/schema.org\",\"@graph\":[{\"@type\":\"WebSite\",\"@id\":\"https:\/\/test.cie-vaporium.com\/#website\",\"url\":\"https:\/\/test.cie-vaporium.com\/\",\"name\":\"Cie Vaporium\",\"description\":\"Votre passeport pour le fantastique\",\"potentialAction\":[{\"@type\":\"SearchAction\",\"target\":\"https:\/\/test.cie-vaporium.com\/?s={search_term_string}\",\"query-input\":\"required name=search_term_string\"}],\"inLanguage\":\"fr-FR\"},{\"@type\":\"ImageObject\",\"@id\":\"https:\/\/test.cie-vaporium.com\/?page_id=48#primaryimage\",\"inLanguage\":\"fr-FR\",\"url\":\"https:\/\/test.cie-vaporium.com\/wp-content\/uploads\/2021\/02\/logo-vierge-ti-ti-petit.png\",\"width\":150,\"height\":150},{\"@type\":\"WebPage\",\"@id\":\"https:\/\/test.cie-vaporium.com\/?page_id=48#webpage\",\"url\":\"https:\/\/test.cie-vaporium.com\/?page_id=48\",\"name\":\"Contact - Cie Vaporium\",\"isPartOf\":{\"@id\":\"https:\/\/test.cie-vaporium.com\/#website\"},\"primaryImageOfPage\":{\"@id\":\"https:\/\/test.cie-vaporium.com\/?page_id=48#primaryimage\"},\"datePublished\":\"2015-12-17T15:57:51+00:00\",\"dateModified\":\"2022-02-01T11:20:23+00:00\",\"description\":\"Toutes les infos pour contacter la Cie Vaporium, par t\\u00e9l\\u00e9phone ou par mail, nous vous r\\u00e9pondons dans les plus brefs d\\u00e9lais.\",\"breadcrumb\":{\"@id\":\"https:\/\/test.cie-vaporium.com\/?page_id=48#breadcrumb\"},\"inLanguage\":\"fr-FR\",\"potentialAction\":[{\"@type\":\"ReadAction\",\"target\":[\"https:\/\/test.cie-vaporium.com\/?page_id=48\"]}]},{\"@type\":\"BreadcrumbList\",\"@id\":\"https:\/\/test.cie-vaporium.com\/?page_id=48#breadcrumb\",\"itemListElement\":[{\"@type\":\"ListItem\",\"position\":1,\"item\":{\"@type\":\"WebPage\",\"@id\":\"https:\/\/test.cie-vaporium.com\/\",\"url\":\"https:\/\/test.cie-vaporium.com\/\",\"name\":\"Accueil\"}},{\"@type\":\"ListItem\",\"position\":2,\"item\":{\"@type\":\"WebPage\",\"@id\":\"https:\/\/test.cie-vaporium.com\/?page_id=48\",\"url\":\"https:\/\/test.cie-vaporium.com\/?page_id=48\",\"name\":\"Contact\"}}]}]}<\/script>\n<!-- \/ Yoast SEO plugin. -->","_links":{"self":[{"href":"https:\/\/test.cie-vaporium.com\/index.php?rest_route=\/wp\/v2\/pages\/48","targetHints":{"allow":["GET"]}}],"collection":[{"href":"https:\/\/test.cie-vaporium.com\/index.php?rest_route=\/wp\/v2\/pages"}],"about":[{"href":"https:\/\/test.cie-vaporium.com\/index.php?rest_route=\/wp\/v2\/types\/page"}],"author":[{"embeddable":true,"href":"https:\/\/test.cie-vaporium.com\/index.php?rest_route=\/wp\/v2\/users\/2"}],"replies":[{"embeddable":true,"href":"https:\/\/test.cie-vaporium.com\/index.php?rest_route=%2Fwp%2Fv2%2Fcomments&post=48"}],"version-history":[{"count":62,"href":"https:\/\/test.cie-vaporium.com\/index.php?rest_route=\/wp\/v2\/pages\/48\/revisions"}],"predecessor-version":[{"id":3276,"href":"https:\/\/test.cie-vaporium.com\/index.php?rest_route=\/wp\/v2\/pages\/48\/revisions\/3276"}],"wp:featuredmedia":[{"embeddable":true,"href":"https:\/\/test.cie-vaporium.com\/index.php?rest_route=\/wp\/v2\/media\/1398"}],"wp:attachment":[{"href":"https:\/\/test.cie-vaporium.com\/index.php?rest_route=%2Fwp%2Fv2%2Fmedia&parent=48"}],"curies":[{"name":"wp","href":"https:\/\/api.w.org\/{rel}","templated":true}]}}