{"id":820,"date":"2018-05-24T17:30:24","date_gmt":"2018-05-24T16:30:24","guid":{"rendered":"http:\/\/cie-vaporium.com\/?page_id=820"},"modified":"2022-02-01T11:39:42","modified_gmt":"2022-02-01T10:39:42","slug":"lutin-samedi-2","status":"publish","type":"page","link":"https:\/\/test.cie-vaporium.com\/?page_id=820","title":{"rendered":"lutin samedi"},"content":{"rendered":"<p>[vc_row][vc_column][vc_single_image image=&#8221;2085&#8243; img_size=&#8221;full&#8221; alignment=&#8221;center&#8221; style=&#8221;vc_box_outline&#8221; border_color=&#8221;white&#8221;][\/vc_column][\/vc_row][vc_row][vc_column css=&#8221;.vc_custom_1643711626593{background-color: #000000 !important;border-radius: 35px !important;}&#8221;][vc_column_text]<\/p>\n<p style=\"text-align: center; font-size: 20px;\"><span style=\"color: #ffffff;\"><strong>Les lutins samedi partent en chasse.<\/strong><\/span><\/p>\n<p style=\"text-align: center;\"><span style=\"color: #ffffff;\">Combien d\u2019\u00e2mes sont-ils arriv\u00e9s \u00e0 capturer par la ruse, la magie et la n\u00e9gociation ?<\/span><\/p>\n<p style=\"text-align: center;\"><span style=\"color: #ffffff;\">2 pi\u00e8ces d\u2019or pour un enfant, une petite danse pour madame, un tatouage pour monsieur, soyez attentif, car ces dr\u00f4les de lutins ont plus d\u2019un tour dans leur sac\u00a0!<\/span><\/p>\n<p style=\"text-align: center;\"><span style=\"color: #ffffff;\">Une d\u00e9ambulation avec deux \u00e9chassiers et une lutine tatoueuse qui vous entra\u00eenent du c\u00f4t\u00e9 obscur de la f\u00e9erie, plus proches des malicieux Korrigans que des gentils lutins du P\u00e8re No\u00ebl, d\u00e9couvrez cette animation m\u00ealant humour noir, malice et mal\u00e9fice.<\/span><\/p>\n<p>[\/vc_column_text][\/vc_column][\/vc_row][vc_row][vc_column width=&#8221;2\/3&#8243;][vc_empty_space][vc_video link=&#8221;https:\/\/youtu.be\/xWKTBx7_Law&#8221; align=&#8221;center&#8221;][\/vc_column][vc_column width=&#8221;1\/3&#8243;][vc_empty_space][vc_single_image image=&#8221;2997&#8243; img_size=&#8221;large&#8221; onclick=&#8221;link_image&#8221;][\/vc_column][\/vc_row][vc_row][vc_column][vc_masonry_media_grid element_width=&#8221;3&#8243; gap=&#8221;3&#8243; item=&#8221;masonryMedia_SolidBlurOut&#8221; initial_loading_animation=&#8221;fadeIn&#8221; grid_id=&#8221;vc_gid:1643711903829-57b7af4df290f0bdd17c9694f8f0eb2e-4&#8243; include=&#8221;2992,3000,2999,2976&#8243;][vc_btn title=&#8221;voir plus d&#8217;images&#8221; style=&#8221;outline-custom&#8221; outline_custom_color=&#8221;#ffffff&#8221; outline_custom_hover_background=&#8221;#660909&#8243; outline_custom_hover_text=&#8221;#ffffff&#8221; shape=&#8221;round&#8221; size=&#8221;lg&#8221; align=&#8221;center&#8221; css_animation=&#8221;bounceIn&#8221; link=&#8221;url:https%3A%2F%2Ftest.cie-vaporium.com%2F%3Fpage_id%3D2890|title:Galerie%20PORTAL|target:_blank&#8221;][vc_empty_space][\/vc_column][\/vc_row][vc_row][vc_column width=&#8221;1\/2&#8243;][vc_single_image image=&#8221;2071&#8243; img_size=&#8221;large&#8221; alignment=&#8221;center&#8221;][vc_empty_space][\/vc_column][vc_column width=&#8221;1\/2&#8243; css=&#8221;.vc_custom_1643711647298{background-color: #000000 !important;border-radius: 35px !important;}&#8221;][vc_text_separator title=&#8221;l&#8217;histoire&#8221; style=&#8221;shadow&#8221;][vc_column_text]<\/p>\n<p style=\"text-align: center;\"><span style=\"color: #ffffff;\">Jadis, <a style=\"color: #ffffff;\" href=\"https:\/\/cie-vaporium.com\/titelune\/\" target=\"_blank\" rel=\"noopener\"><u>le Royaume de Vernus<\/u><\/a> \u00e9tait, parait-il, peupl\u00e9 de cr\u00e9atures fantastiques. De vieilles l\u00e9gendes tomb\u00e9es en d\u00e9su\u00e9tude, sauf pour les habitants de l\u2019ile de Vakaouf, ce petit bout de terre perdu au milieu de l\u2019oc\u00e9an bien loin au large <a style=\"color: #ffffff;\" href=\"https:\/\/cie-vaporium.com\/titelune\/\"><u>de Port-Rouge.<\/u><\/a><\/span><\/p>\n<p style=\"text-align: center;\"><span style=\"color: #ffffff;\">On raconte que les premiers marins Vernusien accostant \u00e0 Vakaouf avaient embarqu\u00e9 quelques Korrigans en guise de passagers clandestins. Ces repr\u00e9sentants du Petit Peuple, fuyant par toutes les routes possibles la progression inexorable du Saint Culte, cette nouvelle religion qui d\u00e9truisait et brulait sur son passage toutes traces de ces anciens folklores.<\/span><br \/>\n<span style=\"color: #ffffff;\">Les g\u00e9n\u00e9rations pass\u00e8rent, durant lesquelles ces Korrigans s\u2019adapt\u00e8rent \u00e0 la culture locale. Une culture pa\u00efenne m\u00ealant chamanisme et culte Voodoo, fruit de l\u2019histoire complexe de l\u2019ile.<\/span><\/p>\n<p style=\"text-align: center;\" align=\"center\"><span style=\"color: #ffffff;\">Vous cherchez Vakaouf sur une carte\u00a0? C\u2019est peine perdue, souvenez-vous de la fameuse \u00e9ruption volcanique qui ensevelit l\u2019ile. Parmi les quelques survivants qui quitt\u00e8rent \u00e0 temps l\u2019ile, se trouvait quelques \u00ab lut\u2019\u00e2me Samdi \u00bb qui d\u00e9barqu\u00e8rent sur les terres quitt\u00e9es des si\u00e8cles auparavant pas leurs anc\u00eatres. Fuyant tant les hommes que l\u2019inquisition du Saint Culte, ils trouvaient refuge dans le grand marais des brumes au sud-ouest <a style=\"color: #ffffff;\" href=\"https:\/\/cie-vaporium.com\/titelune\/\" target=\"_blank\" rel=\"noopener\"><u>du royaume de Vernus<\/u><\/a>. Lieu inhospitalier qu\u2019il n\u2019ont pas quitt\u00e9 depuis<\/span><\/p>\n<p>[\/vc_column_text][\/vc_column][\/vc_row]<\/p>\n","protected":false},"excerpt":{"rendered":"<p>[vc_row][vc_column][vc_single_image image=&#8221;2085&#8243; img_size=&#8221;full&#8221; alignment=&#8221;center&#8221; style=&#8221;vc_box_outline&#8221; border_color=&#8221;white&#8221;][\/vc_column][\/vc_row][vc_row][vc_column css=&#8221;.vc_custom_1643711626593{background-color: #000000 !important;border-radius: 35px !important;}&#8221;][vc_column_text] Les lutins samedi partent en chasse. Combien d\u2019\u00e2mes sont-ils arriv\u00e9s \u00e0 capturer par la ruse, la magie et la n\u00e9gociation ? 2 pi\u00e8ces d\u2019or pour un enfant, une petite danse pour madame, un tatouage pour monsieur, soyez attentif, car ces dr\u00f4les de lutins ont [&hellip;]<\/p>\n","protected":false},"author":3,"featured_media":1388,"parent":0,"menu_order":0,"comment_status":"closed","ping_status":"closed","template":"","meta":{"footnotes":""},"class_list":["post-820","page","type-page","status-publish","has-post-thumbnail","hentry"],"yoast_head":"<!-- This site is optimized with the Yoast SEO plugin v16.0.2 - https:\/\/yoast.com\/wordpress\/plugins\/seo\/ -->\n<title>lutin samedi - Cie Vaporium<\/title>\n<meta name=\"description\" content=\"D\u00e9ambulation en \u00e9chasse avec les Lutins Samedi. Sortil\u00e8ges et mal\u00e9fices, bienvenue dans le c\u00f4t\u00e9 obscur de la fantaisie !\" \/>\n<link rel=\"canonical\" href=\"https:\/\/test.cie-vaporium.com\/?page_id=820\" \/>\n<meta property=\"og:locale\" content=\"fr_FR\" \/>\n<meta property=\"og:type\" content=\"article\" \/>\n<meta property=\"og:title\" content=\"lutin samedi - Cie Vaporium\" \/>\n<meta property=\"og:description\" content=\"D\u00e9ambulation en \u00e9chasse avec les Lutins Samedi. Sortil\u00e8ges et mal\u00e9fices, bienvenue dans le c\u00f4t\u00e9 obscur de la fantaisie !\" \/>\n<meta property=\"og:url\" content=\"https:\/\/test.cie-vaporium.com\/?page_id=820\" \/>\n<meta property=\"og:site_name\" content=\"Cie Vaporium\" \/>\n<meta property=\"article:modified_time\" content=\"2022-02-01T10:39:42+00:00\" \/>\n<meta property=\"og:image\" content=\"https:\/\/test.cie-vaporium.com\/wp-content\/uploads\/2021\/02\/lutin-jongleur-lumineux-et-echasses-21.jpg\" \/>\n\t<meta property=\"og:image:width\" content=\"892\" \/>\n\t<meta property=\"og:image:height\" content=\"1324\" \/>\n<meta name=\"twitter:card\" content=\"summary\" \/>\n<meta name=\"twitter:label1\" content=\"Est. reading time\">\n\t<meta name=\"twitter:data1\" content=\"2 minutes\">\n<script type=\"application\/ld+json\" class=\"yoast-schema-graph\">{\"@context\":\"https:\/\/schema.org\",\"@graph\":[{\"@type\":\"WebSite\",\"@id\":\"https:\/\/test.cie-vaporium.com\/#website\",\"url\":\"https:\/\/test.cie-vaporium.com\/\",\"name\":\"Cie Vaporium\",\"description\":\"Votre passeport pour le fantastique\",\"potentialAction\":[{\"@type\":\"SearchAction\",\"target\":\"https:\/\/test.cie-vaporium.com\/?s={search_term_string}\",\"query-input\":\"required name=search_term_string\"}],\"inLanguage\":\"fr-FR\"},{\"@type\":\"ImageObject\",\"@id\":\"https:\/\/test.cie-vaporium.com\/?page_id=820#primaryimage\",\"inLanguage\":\"fr-FR\",\"url\":\"https:\/\/test.cie-vaporium.com\/wp-content\/uploads\/2021\/02\/lutin-jongleur-lumineux-et-echasses-21.jpg\",\"width\":892,\"height\":1324},{\"@type\":\"WebPage\",\"@id\":\"https:\/\/test.cie-vaporium.com\/?page_id=820#webpage\",\"url\":\"https:\/\/test.cie-vaporium.com\/?page_id=820\",\"name\":\"lutin samedi - Cie Vaporium\",\"isPartOf\":{\"@id\":\"https:\/\/test.cie-vaporium.com\/#website\"},\"primaryImageOfPage\":{\"@id\":\"https:\/\/test.cie-vaporium.com\/?page_id=820#primaryimage\"},\"datePublished\":\"2018-05-24T16:30:24+00:00\",\"dateModified\":\"2022-02-01T10:39:42+00:00\",\"description\":\"D\\u00e9ambulation en \\u00e9chasse avec les Lutins Samedi. Sortil\\u00e8ges et mal\\u00e9fices, bienvenue dans le c\\u00f4t\\u00e9 obscur de la fantaisie !\",\"breadcrumb\":{\"@id\":\"https:\/\/test.cie-vaporium.com\/?page_id=820#breadcrumb\"},\"inLanguage\":\"fr-FR\",\"potentialAction\":[{\"@type\":\"ReadAction\",\"target\":[\"https:\/\/test.cie-vaporium.com\/?page_id=820\"]}]},{\"@type\":\"BreadcrumbList\",\"@id\":\"https:\/\/test.cie-vaporium.com\/?page_id=820#breadcrumb\",\"itemListElement\":[{\"@type\":\"ListItem\",\"position\":1,\"item\":{\"@type\":\"WebPage\",\"@id\":\"https:\/\/test.cie-vaporium.com\/\",\"url\":\"https:\/\/test.cie-vaporium.com\/\",\"name\":\"Accueil\"}},{\"@type\":\"ListItem\",\"position\":2,\"item\":{\"@type\":\"WebPage\",\"@id\":\"https:\/\/test.cie-vaporium.com\/?page_id=820\",\"url\":\"https:\/\/test.cie-vaporium.com\/?page_id=820\",\"name\":\"lutin samedi\"}}]}]}<\/script>\n<!-- \/ Yoast SEO plugin. -->","_links":{"self":[{"href":"https:\/\/test.cie-vaporium.com\/index.php?rest_route=\/wp\/v2\/pages\/820","targetHints":{"allow":["GET"]}}],"collection":[{"href":"https:\/\/test.cie-vaporium.com\/index.php?rest_route=\/wp\/v2\/pages"}],"about":[{"href":"https:\/\/test.cie-vaporium.com\/index.php?rest_route=\/wp\/v2\/types\/page"}],"author":[{"embeddable":true,"href":"https:\/\/test.cie-vaporium.com\/index.php?rest_route=\/wp\/v2\/users\/3"}],"replies":[{"embeddable":true,"href":"https:\/\/test.cie-vaporium.com\/index.php?rest_route=%2Fwp%2Fv2%2Fcomments&post=820"}],"version-history":[{"count":37,"href":"https:\/\/test.cie-vaporium.com\/index.php?rest_route=\/wp\/v2\/pages\/820\/revisions"}],"predecessor-version":[{"id":3255,"href":"https:\/\/test.cie-vaporium.com\/index.php?rest_route=\/wp\/v2\/pages\/820\/revisions\/3255"}],"wp:featuredmedia":[{"embeddable":true,"href":"https:\/\/test.cie-vaporium.com\/index.php?rest_route=\/wp\/v2\/media\/1388"}],"wp:attachment":[{"href":"https:\/\/test.cie-vaporium.com\/index.php?rest_route=%2Fwp%2Fv2%2Fmedia&parent=820"}],"curies":[{"name":"wp","href":"https:\/\/api.w.org\/{rel}","templated":true}]}}